te the remainder when 68 is divided by ((-60)/7)/((-3)/(o/(-18))).
8
Let z = 1259457 - 1259393. Suppose 2*m - 619 = 531. What is the remainder when m is divided by z?
63
Let t(f) = 13*f**2 - 14*f - 33. Let i = -145 - -223. Suppose -a = a - i. What is the remainder when t(-4) is divided by a?
36
Suppose -12 - 68 = -4*w. Suppose -w = 3*m + 10. Let c(q) = -2*q - 15. What is the remainder when 9 is divided by c(m)?
4
Suppose f + 282 = 862. Let b = -564 + f. Calculate the remainder when 43 is divided by b.
11
What is the remainder when (-2)/(-7) + 12*-2*(-4209)/322 is divided by 15?
14
Let s(w) = -w**3 + 15*w**2 + 2*w - 9. Suppose 62*u - 75 = 47*u. Calculate the remainder when s(u) is divided by 84.
83
What is the remainder when 3524/6 + 5260/(-1578) is divided by 99?
89
Let a = -9 - -47. Suppose 2*t + 10 - a = 0. What is the remainder when t is divided by (6/4)/(30*11/880)?
2
Let f(g) be the first derivative of -g**3/3 + g**2 + 46*g + 6. Suppose -5*p + 20*p = 0. What is the remainder when 183 is divided by f(p)?
45
Let d be -6 - (15/5 + -2). Suppose -2*s - 122 + 18 = -4*a, 4*a - 80 = -4*s. Calculate the remainder when 1 + -3 + -2 + (-343)/d is divided by a.
21
Let f = 895 - 608. Suppose 0 = -8*a - 95 + f. What is the remainder when 160 is divided by a?
16
Let x be (-2798)/22 - (270/(-33) - -8). Let g = x - -133. What is the remainder when 14 is divided by g?
2
Calculate the remainder when 2/19 - (-264792)/646 is divided by 3.
2
Suppose 0 = -j - 24 + 9. Let m = j - -81. Suppose 0 = 106*v - 109*v + m. What is the remainder when v is divided by 9?
4
Suppose 5*l - 64*p - 2738 = -65*p, 1634 = 3*l + 5*p. Calculate the remainder when l is divided by 272.
4
Let z(n) = 43*n + 25. Let x = 60 + -56. What is the remainder when z(x) is divided by 50?
47
Let f be 1*-1*(6 + 0 + -5). Calculate the remainder when 88 is divided by 40 + -17 + f*5.
16
Let o be 1275/10 - (-4)/(-8). Let n = o + -112. Suppose -a - a + 12 = 0. Calculate the remainder when n is divided by a.
3
Suppose 0 = -4*o + 3*l + 289 + 263, 138 = o - 2*l. Let t = o - -133. What is the remainder when t is divided by 68?
67
Suppose -5*l + 10*l - 770 = -5*p, 5*l - 767 = -2*p. What is the remainder when l is divided by 18?
9
Suppose 5*o = 5*r - 335, -o + 76 = 68. What is the remainder when 829 is divided by r?
4
Suppose -5*u + 462 + 73 = 0. Let v = -48 + 64. Suppose 8*p + 288 = v*p. Calculate the remainder when u is divided by p.
35
Let q(z) = -128*z - 5948. Calculate the remainder when q(-51) is divided by 572.
8
Suppose -232*p + 122*p - 8688 = -134*p. Calculate the remainder when p is divided by 89.
6
Let v = 46856 + -44986. Calculate the remainder when v is divided by 29.
14
What is the remainder when (-580 + -1)*(-10)/1 is divided by 57?
53
Calculate the remainder when 1164 is divided by -2 - 10 - (-76 - 26).
84
Let c(u) = 187*u - 440. Calculate the remainder when c(22) is divided by 15.
14
Let c = -3621 - -4005. Calculate the remainder when c is divided by 7.
6
Suppose -j = -905 + 146. What is the remainder when j is divided by 10?
9
Suppose 77*q = 66*q + 1177. Let m = 85 - 49. What is the remainder when q is divided by m?
35
Let m = 9220 - 9005. Calculate the remainder when 2119 is divided by m.
184
Suppose -3*h + 3*d + 58 = -11, 5*d + 31 = h. What is the remainder when (-46 - -36) + -4 + 181 is divided by h?
20
Let q = 1499 - 1493. Calculate the remainder when q is divided by (2/(-4))/((-1)/2).
0
Let v(l) = -l**3 - 13*l**2 - 15*l - 28. Let w be v(-12). What is the remainder when 94 is divided by 9/((-243)/(-399)) + w/36?
4
Suppose 21*t - 419 = -15*t + 13. What is the remainder when 388 is divided by t?
4
Let g = 8741 - 8700. Calculate the remainder when 1721 is divided by g.
40
What is the remainder when 194/3 + (-6)/9 is divided by 2 + 9 + -2 + (-70)/(-37 - -2)?
9
Suppose -5*x + z = -203, -7*z - 52 = -x - 3*z. Suppose -22*c + 20*c + 10 = 0. Suppose c*r = 3*r + 22. Calculate the remainder when x is divided by r.
7
Suppose 1568 = -2255*l + 2283*l. Calculate the remainder when 326 is divided by l.
46
Suppose 3*p + 0*m = 2*m + 91, -3*p + 101 = -4*m. What is the remainder when (6/(-4))/(112/(-11648)) is divided by p?
21
Suppose -2*m - 3*v - 236 = -4*m, 0 = -5*m - 6*v + 617. What is the remainder when m is divided by 55?
11
Suppose 0 = 4*t + i - 169, -20 = -3*t - 5*i + 94. Let y be ((-8)/(-8))/((-1)/t). Let p = y + 74. Calculate the remainder when p is divided by 11.
9
Let z(p) = -3*p**2 + 2*p - 2. Let x be z(2). Suppose 306*u = 307*u - 36. Let a = x + u. What is the remainder when 49 is divided by a?
23
Suppose 78*h - 26850 = -2514. What is the remainder when h is divided by 280?
32
Let z(k) = -k**3 - 10*k**2 - 11*k - 15. Let f be z(-9). Suppose -f*d + 132 - 81 = 0. Let n(w) = 14*w - 14. What is the remainder when n(7) is divided by d?
16
Let i = 277 + -273. Calculate the remainder when 33 is divided by 15 - (-3 + (-35)/(-20))*i.
13
Let k be 3/2*(-116)/3. Let f = 74 + k. Suppose -53 - 25 = -2*d + 4*q, 3*d - 2*q - 125 = 0. What is the remainder when d is divided by f?
11
Let g = -48 - -50. Suppose -3*x - 5*m + 76 = -56, -g*m = -6. What is the remainder when 116 is divided by x?
38
Let z = 7423 - 7415. Calculate the remainder when 3902 is divided by z.
6
Suppose 2*i + 2*p = 62, 3*i + 146*p - 144*p = 89. What is the remainder when 415 is divided by i?
10
Let d = -87 - -89. Suppose -7 = d*z - 3*t, 5 = 5*z - 4*t + t. Calculate the remainder when 11 is divided by z.
3
Let h = -17436 - -17898. What is the remainder when h is divided by 58?
56
Calculate the remainder when (2/7)/((-74)/(-599585)) is divided by 767.
14
Suppose d + 14*a = 18*a + 27, -d - 5*a + 27 = 0. Let f(y) = y + 50. Calculate the remainder when f(0) is divided by d.
23
Let u(t) = 4*t**2 + 4*t + 1. What is the remainder when u(-4) is divided by 670/26 - (-4820)/(-6266)?
24
Calculate the remainder when (57/(-38))/((-6)/764) is divided by 5.
1
Suppose 15 = o + 2. Let u(n) = 69*n**2 + 239*n + 59. What is the remainder when u(-4) is divided by o?
12
Suppose 12 = -2*l, -62*v + 65*v + 5*l = 6963. What is the remainder when v is divided by 11?
10
What is the remainder when 1 - (20 + -33 + -6649) is divided by 68?
67
Let n(o) = -14*o - 56. Let k = -26 + 26. Suppose k = 5*b - 575 - 105. Calculate the remainder when b is divided by n(-6).
24
Let i = 8589 - 5114. Calculate the remainder when i is divided by 19.
17
Suppose 0 = i - 2, s + 13*i - 25 = 11*i. Calculate the remainder when 232 is divided by s.
1
Let h be 15/10 - (-5)/2. Suppose 2*y - 22 = -0*m - h*m, y - 4*m - 17 = 0. What is the remainder when 5/(-10)*-56 - 4 is divided by y?
11
Let j(v) = -v**3 - 7*v**2 + 40. Let x be j(-6). Suppose -2*q + 3*p = -575, 251 = x*q + 3*p - 890. Calculate the remainder when q is divided by 7.
6
Suppose -q - 1740 = -3*v, -5*q - 740 = v - 1304. What is the remainder when v is divided by 51?
18
Suppose 0 = 7*z - 3*z - 84. Suppose -20 = 4*h, 3*u = 2*u + h - z. Calculate the remainder when 13 is divided by 2*(-8)/(-10)*(-65)/u.
1
Let r = 454 - 407. Calculate the remainder when (-898)/(-10) - 2/(-10) is divided by r.
43
Let r be 274/4 - (-48)/32. Suppose 0 = 4*y - 3*t - 77 + 11, 5*t = 4*y - r. Suppose 15*x = 10*x + y. Calculate the remainder when 3 is divided by x.
0
Suppose -188 = 30*f + 352. Let o = -16 - -39. Let g = o + f. Calculate the remainder when 33 is divided by g.
3
Suppose 6210 = -7*f + 2*f. Let v be (-3)/(3 + f/412). What is the remainder when 39 is divided by 4/10 - v/(-10)?
18
Suppose -t = -2*t + 2020 - 1283. What is the remainder when t is divided by 148?
145
Let s = 1005 - 998. Suppose -s*y - 9*y = -1024. Calculate the remainder when y is divided by 36.
28
Calculate the remainder when (-3 - (-11249)/(-35))/(72/20 - 4) is divided by 117.
109
Let u(m) = -m**2 + 14*m + 2. Suppose 21166 = 45*x - 2324. What is the remainder when x is divided by u(11)?
32
Let i be 13 - 19 - 62*-1. Let m = i + -45. What is the remainder when 41 is divided by m?
8
Suppose v = -3*f + 659, 4*v + 5*f - 2636 = 2*f. Let l = -562 + v. Suppose -5*d + 8 = -u - 102, 32 = 2*d + 2*u. Calculate the remainder when l is divided by d.
13
Let s be 3/((-4)/16 - (0 + -1)). Suppose 6 = 2*d, x + 6 = 9*d - s*d. Calculate the remainder when 22 is divided by x.
4
Suppose 3*x + 2*r = 2, -2*x + 5